- 3 + a**2 + 0 + 7 - l*a + 3. Give u(4).
-3
Let x(r) = 2 + 20169*r**3 + 15*r - 10083*r**3 - r - 17*r**2 - 10085*r**3. What is x(16)?
-30
Let x be 399/(-1197) + (-2)/(-6) + 0. Let y(s) = 53*s - 1. Determine y(x).
-1
Let t(l) = -l + 3. Let w(p) = 2*p - 29. Let o(z) = 3*t(z) - w(z). What is o(9)?
-7
Let l(r) = -5*r**3 + 4*r**2 - 47*r - 7. Let t(j) = 6*j**3 - 3*j**2 + 57*j + 8. Let f(y) = -5*l(y) - 4*t(y). Give f(5).
-37
Let a(g) = g**3 - 8*g**2 + 8*g + 23. Let k be a(6). Let y(r) = -r**2 - r - 99 - 17*r**3 + 48 + 51. Calculate y(k).
17
Let g = 15 + -10. Let p(v) = -g*v + 31 - 3*v - 36 + 3*v**2 - 4*v**2. What is p(-6)?
7
Let x = 41 + -37. Let m(k) = -21*k**2 + 2*k + 3. Let d(n) = n**2 - 1. Let i(g) = x*d(g) + m(g). Let y be (-30)/50 - (-16)/10. What is i(y)?
-16
Let x = -130 + 132. Let w be (-62)/(-10) + x/(-10). Let o(n) = -n**3 + 5*n**2 + 5*n - 8. Give o(w).
-14
Let r(z) be the third derivative of -35*z**4/12 + 10*z**3/3 + z**2 - 20*z. Let b(t) = -3*t + 1. Let c(l) = 20*b(l) - r(l). Calculate c(2).
20
Let m(l) be the first derivative of l**3 + 3*l**2 - 4*l + 40. Let s(u) = 4*u**2 + 8*u - 4. Let r(z) = 3*m(z) - 2*s(z). Give r(-4).
4
Let j(g) = -9 + 93*g + 101*g - 201 - 206*g. What is j(-17)?
-6
Let d(g) = -4*g + 13. Let v be 2*(-12)/(-32)*4. Let y be d(v). Let j(b) = 6*b**3 + b**2 - 2*b + 1. Determine j(y).
6
Let q = -122 + 119. Let b(f) be the second derivative of -f**4/8 - f**3/2 + 3*f**2 - 2*f. Let o(t) be the first derivative of b(t). Determine o(q).
6
Let h(x) = 3*x**2 + 13*x + 32. Let q(a) = -5*a**2 - 14*a - 36. Let p(t) = -3*h(t) - 2*q(t). What is p(14)?
18
Let o = -271 - -273. Let z(u) = 0*u**2 + 36 + 43 + 5*u - 73 - u**o. Suppose -m - 20 = -5*m. Give z(m).
6
Let w(z) = 45 - 2*z**3 - 7 + 0*z**3 - 28*z + 75*z**2 - 10*z. Let y be w(37). Let d(l) = 12*l**2 - 1. What is d(y)?
11
Let x(o) = o**3 - 6*o**2 - o + 1. Let z be x(0). Let f(a) = a**3 - z - 31*a**2 + 4*a - 4*a**2 + 31*a**2. Give f(3).
2
Let n(k) = 3*k**2 - 115*k - 78. Let o be (338/(-39))/((-8)/36). Determine n(o).
0
Let q(t) = -11*t + 2. Let d be (-1)/(-2)*8*15/(-15). Give q(d).
46
Let a(r) be the first derivative of -3*r**2/2 + 11*r - 2665. Calculate a(5).
-4
Let v(d) be the second derivative of -5/12*d**4 - 3*d**2 + 1/3*d**3 - 1/20*d**5 - 208*d + 0. Give v(-5).
-16
Let b(k) = -2*k + 9. Suppose -2*d - 18 = 2*f - 6*f, -5*d = 5*f. Let p(n) = n - 9. Suppose 2*w - 19 = -11. Let j(a) = f*b(a) + w*p(a). Calculate j(-6).
3
Let g = 27890 - 27882. Let r(l) = 14*l - 94. Calculate r(g).
18
Let y(j) = -6 + 10 + 5*j**2 + 0*j**2 - 14*j. Let b(c) = 14*c**2 - 39*c + 11. Let d(t) = -6*b(t) + 17*y(t). Calculate d(4).
2
Let y = 1 + 1. Let z(j) = -2 + 3*j - 2 - 3*j**y + 8. Let d = -1625 - -1628. Determine z(d).
-14
Let m(f) = -3*f**2 - 2*f + 4. Let j be m(3). Let q = -17 - j. Let p(w) = 5 + 13*w + 9*w - 37*w + q*w. Calculate p(4).
-7
Let b(t) be the third derivative of t**5/60 - 11*t**4/24 - t**3/2 - 1743*t**2 + 2*t. Suppose 4*h - 22 = 2*h. Give b(h).
-3
Let u(k) be the second derivative of -k**4/12 - 11*k**3/6 + 5*k**2/2 + 11*k. Let d be u(-13). Let p = -19 - d. Let g(s) = -s**3 + s + 1. Give g(p).
-5
Let s(i) be the second derivative of i**5/20 - 7*i**4/12 + 5*i**3/6 - 3*i**2 - 3*i - 291. Calculate s(6).
-12
Suppose -15 - 135 = 5*r. Let l be 22/(-165) + (-34)/r. Let z(w) = 12*w**2. Give z(l).
12
Let u = 64 + -46. Let x(z) = -276 - z + 577 - 283. Calculate x(u).
0
Let p(r) = 7*r - 50. Let v be p(7). Let s(h) = -h**3 + 9*h**2 + 6*h + 8. Let z(x) = -x**2 - x. Let u(l) = v*s(l) - 3*z(l). Give u(7).
20
Suppose n - 4*x = 16, -n - 2 - 36 = 5*x. Let r(h) = -3*h + 4. Give r(n).
28
Suppose 8*s - 45 = -37*s. Let f(h) be the first derivative of -5*h**4/4 + h**3/3 + 1. What is f(s)?
-4
Suppose -2*x = -3*d - 251, -8*d + 5*d + 3*x - 249 = 0. Let q = 86 + d. Let f(j) = 14*j - 1. Give f(q).
13
Suppose 8*p = -15 + 31. Let t(l) = -2*l**2 + p*l**2 - 9*l**2 + l**3 + 2 + 5*l + 2*l. Give t(8).
-6
Let j(t) be the second derivative of t**4/4 + t**3/6 + t**2 - 508*t. What is j(-1)?
4
Let i = 0 + -4. Suppose -28*y + 3*y + 1675 = 0. Let c(l) = y + 5*l + 0*l + l**2 - 63. Determine c(i).
0
Let k = -6 + 0. Let d(j) be the third derivative of -j**2 + 3 + j**3 + 1/24*j**4 + 0*j. What is d(k)?
0
Let x = -31 - -34. Let y(u) = -6*u - x - 8*u**2 + 5 + 7*u**2 + 5. What is y(-5)?
12
Suppose 82*j = -12*j + 96 - 2. Let q(l) = -6*l**3 - 7*l + 8. Give q(j).
-5
Let s(u) = 4305 + 2*u**3 + u**2 - u**3 + u**2 - 4315 - 7*u. Suppose 14*f + 57 = 1. Calculate s(f).
-14
Let r(c) = 9*c + 113. Let j be r(-10). Suppose -l = -2*l + z + 5, -4*l + z = -j. Let p(d) = -d**2 + 4*d + 4. Give p(l).
-8
Let v = -127 - -31. Let l be -4 - (v/(-3) + 0). Let u = -30 - l. Let c(b) = -2*b + 9. What is c(u)?
-3
Let l(d) be the second derivative of -d**4/4 + d**3/6 + d - 1. Let o(t) = -3*t**2 + 1 - t + 2*t**2 + 2*t**2 + 1. Let h be o(0). Determine l(h).
-10
Let i be 1/((28/(-12))/7). Let t(l) = l**3 + 3*l**2 - l. Let c be t(i). Let v be -2*4/24*c. Let y(a) = -9*a**2 + a + 1. Give y(v).
-9
Let l(y) = 2*y**2 + 11*y - 39. Let q be l(-8). Let m(a) = -a**2 - a + 1. Let d(h) = 1 + 8*h - 3*h - 1 - 5. Let k(z) = -d(z) - 4*m(z). Give k(q).
4
Suppose -14*k - 139 = -83. Let c(l) = -3*l**3 + 3*l - 2*l**3 + 5 + 5*l**2 + 6*l**3. What is c(k)?
9
Suppose -3*y + 76 = 1. Suppose 48*j = 55*j - 56. Let d(g) = 7 + j - y - g. Give d(0).
-10
Let y be 1 + 6/2 - 0. Let o(a) be the second derivative of a**3 - 6*a**2 - 188516*a. Give o(y).
12
Let k be (6/(-9) + 4/(-3))/(-1). Let z(c) = 260 + 18*c**k - 17*c**2 + c - 261. What is z(2)?
5
Let l = -101 + 106. Suppose 106 = l*m + 76. Let u(q) = q**3 - 4*q**2 - 8*q - 1. Determine u(m).
23
Let v(u) = -u**3 + 12*u**2 - 3*u - 5. Suppose -299*s + 3100 = -488. Give v(s).
-41
Let l = 21709 - 21710. Let x(n) = 129*n**3 + n**2 - 2*n - 2. Determine x(l).
-128
Suppose -b - b + 96 = 0. Suppose 0 = 12*d + b - 0. Let t(q) = q**3 + 5*q**2 + 3*q + 3. What is t(d)?
7
Let k be 1/(-1) - (-18 + -10 + 27). Let n(g) = -g**2. Calculate n(k).
0
Suppose -v + 4*z + 19 = 0, 36*v - 31*v - 4*z = 159. Let m(h) = 3*h**2 - 102*h - 95. Give m(v).
10
Suppose -11*c + 154 = 3*c. Let u(d) = -12*d + 6*d + c + 7*d. Give u(-7).
4
Let c(f) = -4*f + 2. Let y be (-3543)/(-7) - (-10)/(-210)*3. Let k = y - 504. Calculate c(k).
-6
Let m(g) = 78 - 14*g + 0*g**2 - 93 + g**2. Let j(v) = -3*v + 63. Let l be j(16). What is m(l)?
0
Let m = 7 - 12. Let c(s) be the first derivative of s**4/4 + 4*s**3/3 - 5*s**2/2 - 7*s - 4572. Calculate c(m).
-7
Let f(h) be the second derivative of h**5/20 - 19*h**4/12 - 41*h**3/6 - 41*h**2/2 - 6223*h. Calculate f(21).
-20
Let h(y) = -3*y**3 + 2 + 2*y**3 - 7*y**2 - 2*y - 3*y. Suppose 13*a + 19*a = 32. Let g be (24/(-10))/(-8*a/(-20)). Calculate h(g).
-4
Let p be (-40)/(-2) - (-32)/(-8). Let c = p - 15. Suppose -4*b = -2*r + 19 - c, r - 3 = 0. Let k(t) = -t - 1. What is k(b)?
2
Let a be (567/18)/(1/2). Let p = a + -52. Let t(l) = 2 + 13*l - p*l - l**2 - 8*l. Determine t(-7).
-5
Suppose -4*d - 6 = -u, 0 = 2*d + 3*d + 5. Suppose 0*s - u*s = -8. Suppose 9*b = 10*b - s. Let t(f) = -f**2 + f + 4. Give t(b).
-8
Let b(n) = -5 + 2*n**3 + 2*n**3 - 5*n**3 + 4*n + 4*n**2. Let s = -1424 - -1375. Let t be 1 - -11 - s*(-4)/28. What is b(t)?
-10
Let u(k) = -49*k**2 - k + 32. Let c(w) = 106*w**2 + 2*w - 65. Let t(s) = 6*c(s) + 13*u(s). Give t(10).
-84
Let j be 1*(-1)/(1/13). Let l(a) = -11*a + 25 - 1673055*a**3 + 2 - 14*a**2 + 1673054*a**3. Calculate l(j).
1
Suppose -89*u + 136 = -85*u. Let r(s) = u + s - 28 + 2*s. Give r(-4).
-6
Let u(q) = -3*q - 11. Let f(o) = -171*o + 14. Let y be f(0). Determine u(y).
-53
Let t(l) = 21*l**2 + 2*l + 4140 - l + 2*l - 4142. Calculate t(2).
88
Suppose -8*o = 5*t - 10*o - 6, 4*t + 2*o = 12. Let z(y) = y + 4 + y**t - 15*y + 16*y. Calculate z(3).
19
Let w = 191 - 77. Let z = w + -120. Let s(i) = i**3 + 5*i**2 - 5*i - 6. What is s(z)?
-12
Suppose 61*a = 243*a - 4550. Let z(v) = -4*v - 13. What is z(a)?
-113
Let z(o) be the first derivative of -o**4/4 + 19*o**3/3 + 41*o**2/2 + 38*o - 5825. What is z(21)?
17
Let h(g) = 2*g**3 - 58*g**2 - 189 + 7*g + 376 + 64*g**2 - 183. Determine h(-2).
-2
Let q(g) = -8*g - 9. Let u = 545 - 540. Let j(w) = -19*w - 16. Let y(b) = u*q(b) - 2*j(b). What is y(-10)?
7
Let k(h) = h**2 - 25*h - 27. Let y(w) = -4*w**2 + 83*w - 35. 